{"id":2141,"date":"2023-06-18T20:35:07","date_gmt":"2023-06-18T18:35:07","guid":{"rendered":"https:\/\/www.fbs-music.com\/?page_id=2141"},"modified":"2023-09-24T16:00:16","modified_gmt":"2023-09-24T14:00:16","slug":"stingray","status":"publish","type":"page","link":"https:\/\/www.fbs-music.com\/?page_id=2141","title":{"rendered":"Stingray"},"content":{"rendered":"<div data-colibri-id=\"2141-c1\" class=\"style-961 style-local-2141-c1 position-relative\">\n  <!---->\n  <div data-colibri-component=\"section\" data-colibri-id=\"2141-c2\" id=\"custom\" class=\"h-section h-section-global-spacing d-flex align-items-lg-center align-items-md-center align-items-center style-962 style-local-2141-c2 position-relative\">\n    <!---->\n    <!---->\n    <div class=\"h-section-grid-container h-section-boxed-container\">\n      <!---->\n      <div data-colibri-id=\"2141-c3\" class=\"h-row-container gutters-row-lg-2 gutters-row-md-2 gutters-row-0 gutters-row-v-lg-2 gutters-row-v-md-2 gutters-row-v-2 style-963 style-local-2141-c3 position-relative\">\n        <!---->\n        <div class=\"h-row justify-content-lg-center justify-content-md-center justify-content-center align-items-lg-stretch align-items-md-stretch align-items-stretch gutters-col-lg-2 gutters-col-md-2 gutters-col-0 gutters-col-v-lg-2 gutters-col-v-md-2 gutters-col-v-2\">\n          <!---->\n          <div class=\"h-column h-column-container d-flex h-col-lg-auto h-col-md-auto h-col-auto style-964-outer style-local-2141-c4-outer\">\n            <div data-colibri-id=\"2141-c4\" class=\"d-flex h-flex-basis h-column__inner h-px-lg-2 h-px-md-2 h-px-2 v-inner-lg-2 v-inner-md-2 v-inner-2 style-964 style-local-2141-c4 position-relative\">\n              <!---->\n              <!---->\n              <div class=\"w-100 h-y-container h-column__content h-column__v-align flex-basis-100 align-self-lg-start align-self-md-start align-self-start\">\n                <!---->\n                <div data-colibri-id=\"2141-c5\" class=\"h-text h-text-component style-966 style-local-2141-c5 position-relative h-element\">\n                  <!---->\n                  <!---->\n                  <div class=\"\">\n                    <p>Mes micros sont disponibles en 4 cordes et 5 cordes.<\/p>\n                    <ul>\n                      <li>SR-77: r\u00e9plique du micro originel des la Stiongray. Aimant alnico 5 de 9,5mm, bobinage 42 AWG. Id\u00e9al pour un couplage avec une pr\u00e9amplificateur SR 2 ou 3 bandes (r\u00e9alisable sur demande!) afin de retrouver le son de cette basse mythique.\n                        (alnico 5 , 2,3K en parall\u00e8le)\n                        <br>\n                      <\/li>\n                    <\/ul>\n                    <p>\n                      <br>\n                    <\/p>\n                    <ul>\n                      <li>SR-C8: une version equip\u00e9 d&rsquo;aimant c\u00e9ramique et l\u00e9g\u00e8rement surbobin\u00e9e, plus moderne, plus punchy avec un peu moins de pr\u00e9sence dans le haut du spectre. (c\u00e9ramique 3K en parall\u00e8le)<\/li>\n                    <\/ul>\n                    <p>\n                      <br>\n                    <\/p>\n                    <ul>\n                      <li>SR-Split: un micro split coil \u00e9quip\u00e9 d&rsquo;aimant Samarium Cobalt, id\u00e9al pour une basse SR-like passive, son bobinage diff\u00e9rents de l&rsquo;original permettra de conserver une bonne dynamique et du punch sans n\u00e9cessit\u00e9 d&rsquo;une pr\u00e9aplification.\n                        (Samarium Cobalt &#8211; 9K)<\/li>\n                    <\/ul>\n                    <p>\n                      <br>\n                    <\/p>\n                    <ul>\n                      <li>Preamp SR2 et SR3: Je propose \u00e9galement des r\u00e9pliques des pr\u00e9amplificateurs de la Stingray. en respectant les caract\u00e9ristiques de l&rsquo;\u00e9lectronique originale (condensateurs au tantale pour le SR2 par exemple&#8230;.). Circuit enti\u00e8rement\n                        grav\u00e9, soud\u00e9 et mont\u00e9 \u00e0 l&rsquo;atelier!\n                        <br>\n                      <\/li>\n                    <\/ul>\n                    <p>\n                      <br>\n                    <\/p>\n                  <\/div>\n                <\/div>\n                <div data-colibri-id=\"2141-c6\" class=\"d-block style-969 style-local-2141-c6 position-relative h-element\">\n                  <!---->\n                  <div class=\"h-image__frame-container-outer\">\n                    <div class=\"h-image__frame-container\">\n                      <!---->\n                      <!---->\n                      <img loading=\"lazy\" decoding=\"async\" width=\"1218\" height=\"708\" src=\"https:\/\/www.fbs-music.com\/wp-content\/uploads\/2023\/06\/Screenshot-2023-06-18-at-21-10-42-Photo-Google-Photos.png\" class=\"wp-image-2167 style-969-image style-local-2141-c6-image\" alt=\"\" srcset=\"https:\/\/www.fbs-music.com\/wp-content\/uploads\/2023\/06\/Screenshot-2023-06-18-at-21-10-42-Photo-Google-Photos.png 1218w, https:\/\/www.fbs-music.com\/wp-content\/uploads\/2023\/06\/Screenshot-2023-06-18-at-21-10-42-Photo-Google-Photos-600x349.png 600w\" sizes=\"auto, (max-width: 1218px) 100vw, 1218px\" \/>\n                      <div class=\"h-image__frame h-hide-lg h-hide-md h-hide-sm style-969-frameImage style-local-2141-c6-frameImage\"><\/div>\n                    <\/div>\n                  <\/div>\n                <\/div>\n              <\/div>\n            <\/div>\n          <\/div>\n          <div class=\"h-column h-column-container d-flex h-col-lg-auto h-col-md-auto h-col-auto style-965-outer style-local-2141-c7-outer\">\n            <div data-colibri-id=\"2141-c7\" class=\"d-flex h-flex-basis h-column__inner h-px-lg-2 h-px-md-2 h-px-2 v-inner-lg-2 v-inner-md-2 v-inner-2 style-965 style-local-2141-c7 position-relative\">\n              <!---->\n              <!---->\n              <div class=\"w-100 h-y-container h-column__content h-column__v-align flex-basis-100 align-self-lg-start align-self-md-start align-self-start\">\n                <!---->\n                <div data-colibri-id=\"2141-c8\" class=\"d-block style-967 style-local-2141-c8 position-relative h-element\">\n                  <!---->\n                  <div class=\"h-image__frame-container-outer\">\n                    <div class=\"h-image__frame-container\">\n                      <!---->\n                      <!---->\n                      <img loading=\"lazy\" decoding=\"async\" width=\"853\" height=\"853\" src=\"https:\/\/www.fbs-music.com\/wp-content\/uploads\/2023\/06\/Screenshot-2023-06-18-at-20-43-07-Francois-BOUSSUGES-@fbs_music-Instagram-1.png\" class=\"wp-image-2165 style-967-image style-local-2141-c8-image\" alt=\"\" srcset=\"https:\/\/www.fbs-music.com\/wp-content\/uploads\/2023\/06\/Screenshot-2023-06-18-at-20-43-07-Francois-BOUSSUGES-@fbs_music-Instagram-1.png 853w, https:\/\/www.fbs-music.com\/wp-content\/uploads\/2023\/06\/Screenshot-2023-06-18-at-20-43-07-Francois-BOUSSUGES-@fbs_music-Instagram-1-300x300.png 300w, https:\/\/www.fbs-music.com\/wp-content\/uploads\/2023\/06\/Screenshot-2023-06-18-at-20-43-07-Francois-BOUSSUGES-@fbs_music-Instagram-1-100x100.png 100w, https:\/\/www.fbs-music.com\/wp-content\/uploads\/2023\/06\/Screenshot-2023-06-18-at-20-43-07-Francois-BOUSSUGES-@fbs_music-Instagram-1-600x600.png 600w, https:\/\/www.fbs-music.com\/wp-content\/uploads\/2023\/06\/Screenshot-2023-06-18-at-20-43-07-Francois-BOUSSUGES-@fbs_music-Instagram-1-150x150.png 150w, https:\/\/www.fbs-music.com\/wp-content\/uploads\/2023\/06\/Screenshot-2023-06-18-at-20-43-07-Francois-BOUSSUGES-@fbs_music-Instagram-1-768x768.png 768w\" sizes=\"auto, (max-width: 853px) 100vw, 853px\" \/>\n                      <div class=\"h-image__frame h-hide-lg h-hide-md h-hide-sm style-967-frameImage style-local-2141-c8-frameImage\"><\/div>\n                    <\/div>\n                  <\/div>\n                <\/div>\n                <div data-colibri-id=\"2141-c9\" class=\"d-block style-970 style-local-2141-c9 position-relative h-element\">\n                  <!---->\n                  <div class=\"h-image__frame-container-outer\">\n                    <div class=\"h-image__frame-container\">\n                      <!---->\n                      <!---->\n                      <img loading=\"lazy\" decoding=\"async\" width=\"1037\" height=\"656\" src=\"https:\/\/www.fbs-music.com\/wp-content\/uploads\/2023\/06\/Screenshot-2023-06-18-at-21-12-33-Photo-Google-Photos.png\" class=\"wp-image-2168 style-970-image style-local-2141-c9-image\" alt=\"\" srcset=\"https:\/\/www.fbs-music.com\/wp-content\/uploads\/2023\/06\/Screenshot-2023-06-18-at-21-12-33-Photo-Google-Photos.png 1037w, https:\/\/www.fbs-music.com\/wp-content\/uploads\/2023\/06\/Screenshot-2023-06-18-at-21-12-33-Photo-Google-Photos-600x380.png 600w, https:\/\/www.fbs-music.com\/wp-content\/uploads\/2023\/06\/Screenshot-2023-06-18-at-21-12-33-Photo-Google-Photos-300x190.png 300w, https:\/\/www.fbs-music.com\/wp-content\/uploads\/2023\/06\/Screenshot-2023-06-18-at-21-12-33-Photo-Google-Photos-1024x648.png 1024w, https:\/\/www.fbs-music.com\/wp-content\/uploads\/2023\/06\/Screenshot-2023-06-18-at-21-12-33-Photo-Google-Photos-768x486.png 768w\" sizes=\"auto, (max-width: 1037px) 100vw, 1037px\" \/>\n                      <div class=\"h-image__frame h-hide-lg h-hide-md h-hide-sm style-970-frameImage style-local-2141-c9-frameImage\"><\/div>\n                    <\/div>\n                  <\/div>\n                <\/div>\n                <div data-colibri-id=\"2141-c10\" class=\"d-block style-968 style-local-2141-c10 position-relative h-element\">\n                  <!---->\n                  <div class=\"h-image__frame-container-outer\">\n                    <div class=\"h-image__frame-container\">\n                      <!---->\n                      <!---->\n                      <img loading=\"lazy\" decoding=\"async\" width=\"762\" height=\"680\" src=\"https:\/\/www.fbs-music.com\/wp-content\/uploads\/2023\/06\/Screenshot-2023-06-18-at-21-05-01-Photo-Google-Photos.png\" class=\"wp-image-2166 style-968-image style-local-2141-c10-image\" alt=\"\" srcset=\"https:\/\/www.fbs-music.com\/wp-content\/uploads\/2023\/06\/Screenshot-2023-06-18-at-21-05-01-Photo-Google-Photos.png 762w, https:\/\/www.fbs-music.com\/wp-content\/uploads\/2023\/06\/Screenshot-2023-06-18-at-21-05-01-Photo-Google-Photos-600x535.png 600w, https:\/\/www.fbs-music.com\/wp-content\/uploads\/2023\/06\/Screenshot-2023-06-18-at-21-05-01-Photo-Google-Photos-300x268.png 300w\" sizes=\"auto, (max-width: 762px) 100vw, 762px\" \/>\n                      <div class=\"h-image__frame h-hide-lg h-hide-md h-hide-sm style-968-frameImage style-local-2141-c10-frameImage\"><\/div>\n                    <\/div>\n                  <\/div>\n                <\/div>\n              <\/div>\n            <\/div>\n          <\/div>\n        <\/div>\n      <\/div>\n    <\/div>\n  <\/div>\n<\/div>","protected":false},"excerpt":{"rendered":"<p>Mes micros sont disponibles en 4 cordes et 5 cordes. SR-77: r\u00e9plique du micro originel des la Stiongray. Aimant alnico 5 de 9,5mm, bobinage 42 AWG. Id\u00e9al pour un couplage avec une pr\u00e9amplificateur SR 2 ou 3 bandes (r\u00e9alisable sur demande!) afin de retrouver le son de cette basse mythique. (alnico 5 , 2,3K en [&hellip;]<\/p>\n","protected":false},"author":1,"featured_media":0,"parent":0,"menu_order":0,"comment_status":"closed","ping_status":"closed","template":"page-templates\/full-width-page.php","meta":{"footnotes":""},"class_list":["post-2141","page","type-page","status-publish","hentry"],"jetpack_sharing_enabled":true,"_links":{"self":[{"href":"https:\/\/www.fbs-music.com\/index.php?rest_route=\/wp\/v2\/pages\/2141","targetHints":{"allow":["GET"]}}],"collection":[{"href":"https:\/\/www.fbs-music.com\/index.php?rest_route=\/wp\/v2\/pages"}],"about":[{"href":"https:\/\/www.fbs-music.com\/index.php?rest_route=\/wp\/v2\/types\/page"}],"author":[{"embeddable":true,"href":"https:\/\/www.fbs-music.com\/index.php?rest_route=\/wp\/v2\/users\/1"}],"replies":[{"embeddable":true,"href":"https:\/\/www.fbs-music.com\/index.php?rest_route=%2Fwp%2Fv2%2Fcomments&post=2141"}],"version-history":[{"count":6,"href":"https:\/\/www.fbs-music.com\/index.php?rest_route=\/wp\/v2\/pages\/2141\/revisions"}],"predecessor-version":[{"id":3513,"href":"https:\/\/www.fbs-music.com\/index.php?rest_route=\/wp\/v2\/pages\/2141\/revisions\/3513"}],"wp:attachment":[{"href":"https:\/\/www.fbs-music.com\/index.php?rest_route=%2Fwp%2Fv2%2Fmedia&parent=2141"}],"curies":[{"name":"wp","href":"https:\/\/api.w.org\/{rel}","templated":true}]}}