{"id":2475,"date":"2023-09-16T19:18:38","date_gmt":"2023-09-16T17:18:38","guid":{"rendered":"https:\/\/www.fbs-music.com\/?post_type=product&#038;p=2475"},"modified":"2025-08-17T16:29:33","modified_gmt":"2025-08-17T14:29:33","slug":"strat-60s","status":"publish","type":"product","link":"https:\/\/www.fbs-music.com\/?product=strat-60s","title":{"rendered":"Strat 60&rsquo;s"},"content":{"rendered":"<p>micro vintage typique de la p\u00e9riode CBS fin des ann\u00e9es 60&rsquo;s. Sonorit\u00e9s claquantes et cristallines<\/p>\n<ul>\n<li>alnico 5<\/li>\n<li>bobinage 42 awg plain enamel<\/li>\n<li>5,6k\/5,7k\/6k<\/li>\n<\/ul>\n","protected":false},"excerpt":{"rendered":"<p>micro vintage typique de la p\u00e9riode CBS fin des ann\u00e9es 60&rsquo;s. Sonorit\u00e9s claquantes et cristallines alnico 5 bobinage 42 awg plain enamel 5,6k\/5,7k\/6k<\/p>\n","protected":false},"featured_media":2496,"comment_status":"open","ping_status":"closed","template":"","meta":[],"product_brand":[],"product_cat":[23],"product_tag":[],"class_list":{"0":"post-2475","1":"product","2":"type-product","3":"status-publish","4":"has-post-thumbnail","6":"product_cat-strat_pickup","8":"first","9":"instock","10":"purchasable","11":"product-type-variable"},"jetpack_sharing_enabled":true,"_links":{"self":[{"href":"https:\/\/www.fbs-music.com\/index.php?rest_route=\/wp\/v2\/product\/2475","targetHints":{"allow":["GET"]}}],"collection":[{"href":"https:\/\/www.fbs-music.com\/index.php?rest_route=\/wp\/v2\/product"}],"about":[{"href":"https:\/\/www.fbs-music.com\/index.php?rest_route=\/wp\/v2\/types\/product"}],"replies":[{"embeddable":true,"href":"https:\/\/www.fbs-music.com\/index.php?rest_route=%2Fwp%2Fv2%2Fcomments&post=2475"}],"wp:featuredmedia":[{"embeddable":true,"href":"https:\/\/www.fbs-music.com\/index.php?rest_route=\/wp\/v2\/media\/2496"}],"wp:attachment":[{"href":"https:\/\/www.fbs-music.com\/index.php?rest_route=%2Fwp%2Fv2%2Fmedia&parent=2475"}],"wp:term":[{"taxonomy":"product_brand","embeddable":true,"href":"https:\/\/www.fbs-music.com\/index.php?rest_route=%2Fwp%2Fv2%2Fproduct_brand&post=2475"},{"taxonomy":"product_cat","embeddable":true,"href":"https:\/\/www.fbs-music.com\/index.php?rest_route=%2Fwp%2Fv2%2Fproduct_cat&post=2475"},{"taxonomy":"product_tag","embeddable":true,"href":"https:\/\/www.fbs-music.com\/index.php?rest_route=%2Fwp%2Fv2%2Fproduct_tag&post=2475"}],"curies":[{"name":"wp","href":"https:\/\/api.w.org\/{rel}","templated":true}]}}