{"id":2689,"date":"2023-09-16T21:37:23","date_gmt":"2023-09-16T19:37:23","guid":{"rendered":"https:\/\/www.fbs-music.com\/?post_type=product&#038;p=2689"},"modified":"2025-01-04T14:40:13","modified_gmt":"2025-01-04T13:40:13","slug":"burning-breeze-paf","status":"publish","type":"product","link":"https:\/\/www.fbs-music.com\/?product=burning-breeze-paf","title":{"rendered":"Burning Breeze"},"content":{"rendered":"<p>Humbucker alnico 5 typ\u00e9 70&rsquo;s (\u00e9poque Tim Shaw, T-Top&#8230;), tr\u00e8s polyvalent en clean comme en satur\u00e9.<\/p>\n<p>Un micro qui conserve de la brillance, de la pr\u00e9cision et du mordant tout en restant dans le domaine du humbucker \u00a0\u00bbvintage&rsquo; en terme de puissance.<\/p>\n<ul>\n<li>alnico 5<\/li>\n<li>42 awg polysol<\/li>\n<li>7,8k (neck)\/8,4k (bridge)<\/li>\n<\/ul>\n","protected":false},"excerpt":{"rendered":"<p>Humbucker alnico 5 typ\u00e9 70&rsquo;s (\u00e9poque Tim Shaw, T-Top&#8230;), tr\u00e8s polyvalent en clean comme en satur\u00e9. Un micro qui conserve de la brillance, de la pr\u00e9cision et du mordant tout en restant dans le domaine du humbucker \u00a0\u00bbvintage&rsquo; en terme de puissance. alnico 5 42 awg polysol 7,8k (neck)\/8,4k (bridge)<\/p>\n","protected":false},"featured_media":2870,"comment_status":"open","ping_status":"closed","template":"","meta":[],"product_brand":[],"product_cat":[24],"product_tag":[],"class_list":{"0":"post-2689","1":"product","2":"type-product","3":"status-publish","4":"has-post-thumbnail","6":"product_cat-humbuckers","8":"first","9":"instock","10":"purchasable","11":"product-type-variable"},"jetpack_sharing_enabled":true,"_links":{"self":[{"href":"https:\/\/www.fbs-music.com\/index.php?rest_route=\/wp\/v2\/product\/2689","targetHints":{"allow":["GET"]}}],"collection":[{"href":"https:\/\/www.fbs-music.com\/index.php?rest_route=\/wp\/v2\/product"}],"about":[{"href":"https:\/\/www.fbs-music.com\/index.php?rest_route=\/wp\/v2\/types\/product"}],"replies":[{"embeddable":true,"href":"https:\/\/www.fbs-music.com\/index.php?rest_route=%2Fwp%2Fv2%2Fcomments&post=2689"}],"wp:featuredmedia":[{"embeddable":true,"href":"https:\/\/www.fbs-music.com\/index.php?rest_route=\/wp\/v2\/media\/2870"}],"wp:attachment":[{"href":"https:\/\/www.fbs-music.com\/index.php?rest_route=%2Fwp%2Fv2%2Fmedia&parent=2689"}],"wp:term":[{"taxonomy":"product_brand","embeddable":true,"href":"https:\/\/www.fbs-music.com\/index.php?rest_route=%2Fwp%2Fv2%2Fproduct_brand&post=2689"},{"taxonomy":"product_cat","embeddable":true,"href":"https:\/\/www.fbs-music.com\/index.php?rest_route=%2Fwp%2Fv2%2Fproduct_cat&post=2689"},{"taxonomy":"product_tag","embeddable":true,"href":"https:\/\/www.fbs-music.com\/index.php?rest_route=%2Fwp%2Fv2%2Fproduct_tag&post=2689"}],"curies":[{"name":"wp","href":"https:\/\/api.w.org\/{rel}","templated":true}]}}