{"id":3085,"date":"2023-09-17T10:02:07","date_gmt":"2023-09-17T08:02:07","guid":{"rendered":"https:\/\/www.fbs-music.com\/?post_type=product&#038;p=3085"},"modified":"2025-08-05T12:09:10","modified_gmt":"2025-08-05T10:09:10","slug":"old-man-p90","status":"publish","type":"product","link":"https:\/\/www.fbs-music.com\/?product=old-man-p90","title":{"rendered":"Old Man P90"},"content":{"rendered":"<p>Un P90 traditionnel, bobin\u00e9 en 42awg plain enamel, d\u00e9clin\u00e9 en 3 versions d&rsquo;aimants:<\/p>\n<ul>\n<li>alnico 2: dynamique et chaleureux (jazz, blues, rock)<\/li>\n<li>alnico 4: \u00e9quilbr\u00e9 entre puissance et mordant (blues, rock)<\/li>\n<li>alnico 5: puissant et agressif (rock, hard&#8230;.)<\/li>\n<\/ul>\n<p>Capot metallique (en silver nickel) et version Casino disponible sur demande (me contacter)<\/p>\n","protected":false},"excerpt":{"rendered":"<p>Un P90 traditionnel, bobin\u00e9 en 42awg plain enamel, d\u00e9clin\u00e9 en 3 versions d&rsquo;aimants: alnico 2: dynamique et chaleureux (jazz, blues, rock) alnico 4: \u00e9quilbr\u00e9 entre puissance et mordant (blues, rock) alnico 5: puissant et agressif (rock, hard&#8230;.) Capot metallique (en silver nickel) et version Casino disponible sur demande (me contacter)<\/p>\n","protected":false},"featured_media":1441,"comment_status":"open","ping_status":"closed","template":"","meta":[],"product_brand":[],"product_cat":[26],"product_tag":[],"class_list":{"0":"post-3085","1":"product","2":"type-product","3":"status-publish","4":"has-post-thumbnail","6":"product_cat-p90_pickup","8":"first","9":"instock","10":"purchasable","11":"product-type-variable"},"jetpack_sharing_enabled":true,"_links":{"self":[{"href":"https:\/\/www.fbs-music.com\/index.php?rest_route=\/wp\/v2\/product\/3085","targetHints":{"allow":["GET"]}}],"collection":[{"href":"https:\/\/www.fbs-music.com\/index.php?rest_route=\/wp\/v2\/product"}],"about":[{"href":"https:\/\/www.fbs-music.com\/index.php?rest_route=\/wp\/v2\/types\/product"}],"replies":[{"embeddable":true,"href":"https:\/\/www.fbs-music.com\/index.php?rest_route=%2Fwp%2Fv2%2Fcomments&post=3085"}],"wp:featuredmedia":[{"embeddable":true,"href":"https:\/\/www.fbs-music.com\/index.php?rest_route=\/wp\/v2\/media\/1441"}],"wp:attachment":[{"href":"https:\/\/www.fbs-music.com\/index.php?rest_route=%2Fwp%2Fv2%2Fmedia&parent=3085"}],"wp:term":[{"taxonomy":"product_brand","embeddable":true,"href":"https:\/\/www.fbs-music.com\/index.php?rest_route=%2Fwp%2Fv2%2Fproduct_brand&post=3085"},{"taxonomy":"product_cat","embeddable":true,"href":"https:\/\/www.fbs-music.com\/index.php?rest_route=%2Fwp%2Fv2%2Fproduct_cat&post=3085"},{"taxonomy":"product_tag","embeddable":true,"href":"https:\/\/www.fbs-music.com\/index.php?rest_route=%2Fwp%2Fv2%2Fproduct_tag&post=3085"}],"curies":[{"name":"wp","href":"https:\/\/api.w.org\/{rel}","templated":true}]}}