{"id":3329,"date":"2023-09-17T17:09:12","date_gmt":"2023-09-17T15:09:12","guid":{"rendered":"https:\/\/www.fbs-music.com\/?post_type=product&#038;p=3329"},"modified":"2025-01-07T23:18:30","modified_gmt":"2025-01-07T22:18:30","slug":"jazzmaster-65","status":"publish","type":"product","link":"https:\/\/www.fbs-music.com\/?product=jazzmaster-65","title":{"rendered":"Jazzmaster 65"},"content":{"rendered":"<p>Micro pour Jazzmaster reprenant les caract\u00e9ristiques des micros CBS: bobinage plain enamel, un peu moins bobin\u00e9 que les 58 pour des sonorit\u00e9s plus cristallines<\/p>\n<p>&#8211; alnico 5<\/p>\n<p>&#8211; bobinage 42awg plain enamel<\/p>\n<p>-7k\/7,4k<\/p>\n<p>&nbsp;<\/p>\n","protected":false},"excerpt":{"rendered":"<p>Micro pour Jazzmaster reprenant les caract\u00e9ristiques des micros CBS: bobinage plain enamel, un peu moins bobin\u00e9 que les 58 pour des sonorit\u00e9s plus cristallines &#8211; alnico 5 &#8211; bobinage 42awg plain enamel -7k\/7,4k &nbsp;<\/p>\n","protected":false},"featured_media":1520,"comment_status":"open","ping_status":"closed","template":"","meta":[],"product_brand":[],"product_cat":[27],"product_tag":[],"class_list":{"0":"post-3329","1":"product","2":"type-product","3":"status-publish","4":"has-post-thumbnail","6":"product_cat-micros-jazzmaster-jaguar","8":"first","9":"instock","10":"purchasable","11":"product-type-variable"},"jetpack_sharing_enabled":true,"_links":{"self":[{"href":"https:\/\/www.fbs-music.com\/index.php?rest_route=\/wp\/v2\/product\/3329","targetHints":{"allow":["GET"]}}],"collection":[{"href":"https:\/\/www.fbs-music.com\/index.php?rest_route=\/wp\/v2\/product"}],"about":[{"href":"https:\/\/www.fbs-music.com\/index.php?rest_route=\/wp\/v2\/types\/product"}],"replies":[{"embeddable":true,"href":"https:\/\/www.fbs-music.com\/index.php?rest_route=%2Fwp%2Fv2%2Fcomments&post=3329"}],"wp:featuredmedia":[{"embeddable":true,"href":"https:\/\/www.fbs-music.com\/index.php?rest_route=\/wp\/v2\/media\/1520"}],"wp:attachment":[{"href":"https:\/\/www.fbs-music.com\/index.php?rest_route=%2Fwp%2Fv2%2Fmedia&parent=3329"}],"wp:term":[{"taxonomy":"product_brand","embeddable":true,"href":"https:\/\/www.fbs-music.com\/index.php?rest_route=%2Fwp%2Fv2%2Fproduct_brand&post=3329"},{"taxonomy":"product_cat","embeddable":true,"href":"https:\/\/www.fbs-music.com\/index.php?rest_route=%2Fwp%2Fv2%2Fproduct_cat&post=3329"},{"taxonomy":"product_tag","embeddable":true,"href":"https:\/\/www.fbs-music.com\/index.php?rest_route=%2Fwp%2Fv2%2Fproduct_tag&post=3329"}],"curies":[{"name":"wp","href":"https:\/\/api.w.org\/{rel}","templated":true}]}}