{"id":3815,"date":"2024-06-15T16:16:02","date_gmt":"2024-06-15T14:16:02","guid":{"rendered":"https:\/\/www.fbs-music.com\/?post_type=product&#038;p=3815"},"modified":"2024-06-15T16:36:36","modified_gmt":"2024-06-15T14:36:36","slug":"widemaster","status":"publish","type":"product","link":"https:\/\/www.fbs-music.com\/?product=widemaster","title":{"rendered":"Widemaster"},"content":{"rendered":"<p>Un micro sp\u00e9cifique offrant \u00e0 la fois un simple bobinage typ\u00e9 Jazzmaster et un humbucker typ\u00e9 Widerange dans un m\u00eame micro (cablage possible sur push pull ou switch)<\/p>\n<p>&nbsp;<\/p>\n","protected":false},"excerpt":{"rendered":"<p>Un micro sp\u00e9cifique offrant \u00e0 la fois un simple bobinage typ\u00e9 Jazzmaster et un humbucker typ\u00e9 Widerange dans un m\u00eame micro (cablage possible sur push pull ou switch) &nbsp;<\/p>\n","protected":false},"featured_media":0,"comment_status":"open","ping_status":"closed","template":"","meta":[],"product_brand":[],"product_cat":[27],"product_tag":[],"class_list":{"0":"post-3815","1":"product","2":"type-product","3":"status-publish","5":"product_cat-micros-jazzmaster-jaguar","7":"first","8":"instock","9":"purchasable","10":"product-type-variable"},"jetpack_sharing_enabled":true,"_links":{"self":[{"href":"https:\/\/www.fbs-music.com\/index.php?rest_route=\/wp\/v2\/product\/3815","targetHints":{"allow":["GET"]}}],"collection":[{"href":"https:\/\/www.fbs-music.com\/index.php?rest_route=\/wp\/v2\/product"}],"about":[{"href":"https:\/\/www.fbs-music.com\/index.php?rest_route=\/wp\/v2\/types\/product"}],"replies":[{"embeddable":true,"href":"https:\/\/www.fbs-music.com\/index.php?rest_route=%2Fwp%2Fv2%2Fcomments&post=3815"}],"wp:attachment":[{"href":"https:\/\/www.fbs-music.com\/index.php?rest_route=%2Fwp%2Fv2%2Fmedia&parent=3815"}],"wp:term":[{"taxonomy":"product_brand","embeddable":true,"href":"https:\/\/www.fbs-music.com\/index.php?rest_route=%2Fwp%2Fv2%2Fproduct_brand&post=3815"},{"taxonomy":"product_cat","embeddable":true,"href":"https:\/\/www.fbs-music.com\/index.php?rest_route=%2Fwp%2Fv2%2Fproduct_cat&post=3815"},{"taxonomy":"product_tag","embeddable":true,"href":"https:\/\/www.fbs-music.com\/index.php?rest_route=%2Fwp%2Fv2%2Fproduct_tag&post=3815"}],"curies":[{"name":"wp","href":"https:\/\/api.w.org\/{rel}","templated":true}]}}